Determine u(-12).
-12
Let w(j) = -27*j**3 + 15118*j**2 + 1367*j - 138320. Determine w(560).
0
Let m(y) = 6*y**2 + 74763*y + 149496. Determine m(-2).
-6
Let m(u) = -27*u**2 + 1211*u + 33092. Determine m(64).
4
Let v(i) = 1039*i - 69064. What is v(66)?
-490
Let b(h) = 44*h**2 - 33373*h + 82407. Determine b(756).
3
Let l(b) = 4*b**2 - 166*b - 1242. Give l(0).
-1242
Let y(z) = z**3 + 47*z**2 - 383*z - 234. Give y(-54).
36
Let j(l) = 4515*l + 1119727. Calculate j(-248).
7
Let z(m) = 2*m**2 - 18*m + 256. Give z(0).
256
Let z(p) = -p**3 - 29*p**2 - 186*p - 4414. Determine z(-28).
10
Let j(p) = -p**2 + 109*p - 980. Determine j(10).
10
Let n(j) = -2375*j - 19882. Give n(-8).
-882
Let i(w) = 16*w + 1662. Give i(-73).
494
Let r(x) = -138*x - 11715. Determine r(-98).
1809
Let l(z) = -13455*z + 1453153. What is l(108)?
13
Let t(u) = 100527*u**2 - 1105794*u - 37. What is t(11)?
-4
Let f(z) = -4*z**3 - 26*z**2 + 15*z + 51. Determine f(-8).
315
Let n(j) = -2*j**3 + 111*j**2 + 672*j + 96. Calculate n(61).
157
Let k(t) = 2*t**3 - 288*t**2 - 128*t + 18391. Determine k(144).
-41
Let o(w) = -w**3 - 67*w**2 + 5*w + 946. Calculate o(-67).
611
Let z(u) = 51*u**2 + 228*u - 293. Calculate z(-5).
-158
Let c(z) = 270*z - 1547. Determine c(4).
-467
Let m(n) = 74*n + 3172. Give m(-70).
-2008
Let a(w) = w**3 - 37*w**2 + 287*w - 62. Calculate a(26).
-36
Let y(l) = 1834*l - 792305. What is y(432)?
-17
Let v(f) = -3*f**3 - 243*f**2 + 125*f + 10183. What is v(-81)?
58
Let h(a) = -7801*a - 211. What is h(0)?
-211
Let i(f) = -86*f - 4777. Determine i(-45).
-907
Let t(v) = v**2 - 5507*v - 199551. Determine t(-36).
-3
Let o(a) = 8387*a - 377212. What is o(45)?
203
Let x(p) = -1479*p - 112378. Give x(-76).
26
Let j(v) = 2*v**3 + 1311*v**2 - 48334*v + 3. What is j(35)?
38
Let a(q) = 638*q - 542316. Give a(850).
-16
Let i(u) = -4846*u**2 + 58155*u + 5. Determine i(12).
41
Let y(v) = 6*v**2 - 327*v - 590. Give y(52).
-1370
Let d(m) = -1002*m + 686. Determine d(3).
-2320
Let k(f) = -17*f**3 + 8*f**2 + 45*f - 52. Give k(1).
-16
Let f(c) = c**3 + 87*c**2 + 348*c + 8008. Give f(-84).
-56
Let r(o) = -8670*o + 61226. Give r(7).
536
Let h(p) = -364*p + 28246. Give h(78).
-146
Let c(v) = v**3 + 184*v**2 + 1095*v + 4742. Calculate c(-178).
-64
Let t(h) = -5*h**3 + h**2 - 97*h + 234. What is t(2)?
4
Let a(q) = -3*q**2 - 18*q + 2479. Give a(-32).
-17
Let u(m) = -m**3 - 1311*m**2 - 47169*m - 39492. Determine u(-1274).
2
Let i(b) = 107*b + 11114. Give i(-103).
93
Let x(g) = 4*g**2 + 744*g - 8692. Determine x(11).
-24
Let r(y) = y**3 + 18*y**2 - 149*y + 704. Give r(-25).
54
Let c(z) = 2*z**2 - 67*z + 368. Give c(24).
-88
Let p(t) = -3*t**3 + 6*t**2 - 12*t - 1507. Determine p(0).
-1507
Let l(y) = -y**3 + 20*y**2 - 320*y + 1849. Calculate l(8).
57
Let p(f) = 356*f**3 - 44856*f**2 + 2*f - 300. Give p(126).
-48
Let a(z) = 4*z**2 + 39*z - 2326. Calculate a(20).
54
Let b(h) = 390263*h - 19513126. Give b(50).
24
Let i(r) = -3*r**2 + 697*r - 27399. Calculate i(182).
83
Let h(x) = -103*x**2 + 340*x - 2235. What is h(6)?
-3903
Let f(m) = 8*m**2 - 54*m + 58. Calculate f(-13).
2112
Let y(i) = 19*i**2 - 497*i - 1481. Give y(-3).
181
Let p(r) = 5522*r + 24330. Give p(-4).
2242
Let w(c) = 135*c - 8790. What is w(67)?
255
Let a(m) = -2*m**2 - 326*m - 14299. Determine a(-90).
-1159
Let h(n) = 514*n**3 + 3609*n**2 + 83*n + 49. Determine h(-7).
7
Let c(s) = 14*s**3 - 296*s**2 + 182*s - 2956. Determine c(21).
-16
Let o(v) = -14*v**2 - 326*v + 2704. What is o(10)?
-1956
Let u(d) = 6023*d + 463761. Give u(-77).
-10
Let n(m) = -m**3 + 1039*m**2 + 3216*m - 4415646. Calculate n(1038).
6
Let f(g) = -1164*g + 74534. Give f(64).
38
Let o(u) = 3635*u - 39863. Calculate o(11).
122
Let g(n) = 95*n**2 + 175*n - 23. Calculate g(-2).
7
Let s(w) = -43775*w - 394066. What is s(-9)?
-91
Let h(u) = 11491*u - 1470885. Calculate h(128).
-37
Let r(u) = -494*u + 10265. Determine r(21).
-109
Let u(x) = -x**3 + 17*x**2 - 163*x + 136. Calculate u(13).
-1307
Let k(u) = 1418*u - 18397. Determine k(13).
37
Let i(x) = -11555*x - 346661. Determine i(-30).
-11
Let k(q) = 80*q - 1424. Give k(19).
96
Let a(l) = -2*l**2 + 950*l - 58620. What is a(73)?
72
Let p(h) = 3*h**3 - 43*h**2 + 281*h - 2995. What is p(13)?
-18
Let r(k) = k**3 - 216*k**2 + 181*k + 7219. Give r(215).
-91
Let i(j) = 586*j + 30460. Calculate i(-52).
-12
Let v(j) = -j**3 - 26*j**2 + 59*j + 97. Give v(-28).
13
Let f(h) = 964238*h - 7713896. Calculate f(8).
8
Let b(j) = 2228*j**2 + 57925*j - 23. Give b(-26).
55
Let x(n) = 357*n**2 - 1796*n + 47. What is x(5)?
-8
Let b(r) = -86*r**2 - 5469*r + 19639. Give b(-67).
8
Let t(k) = 764*k - 88641. Determine t(116).
-17
Let l(z) = z**3 + 67*z**2 - 291*z - 5693. Calculate l(-70).
-23
Let p(k) = k**2 - 156*k - 377082. Calculate p(-541).
-5
Let f(d) = 2*d**2 + 888*d - 343265. Determine f(248).
-33
Let h(a) = a**3 + 18*a**2 + 5*a - 56. Determine h(-6).
346
Let z(h) = 14*h**2 - 4519*h - 5559. Calculate z(324).
-51
Let a(z) = -7*z**2 + 268148*z - 268148. What is a(1)?
-7
Let d(u) = -1483530*u + 1483553. Determine d(1).
23
Let n(v) = 9*v**2 - 93*v - 1171. Give n(18).
71
Let c(j) = 54*j**2 - 36*j - 341. Give c(3).
37
Let n(x) = x**2 + 17836*x - 89193. Calculate n(5).
12
Let w(k) = 997*k - 10215. Calculate w(7).
-3236
Let w(q) = 2688*q + 124457. Give w(-47).
-1879
Let s(y) = 3*y**3 + 3*y**2 - 839*y - 1681. Determine s(-2).
-15
Let r(p) = 108*p**2 - 3468*p + 367. Give r(32).
-17
Let p(d) = 4*d + 3632. Calculate p(-134).
3096
Let u(n) = -123*n + 14816. Calculate u(133).
-1543
Let l(z) = z**2 - 70602*z + 988079. What is l(14)?
-153
Let z(i) = -i**3 - 68*i**2 - 346*i + 4951. Calculate z(-61).
10
Let a(y) = -1659587*y - 21574631. Give a(-13).
0
Let i(a) = -a**2 - 555*a - 76936. Calculate i(-271).
28
Let m(g) = -8921184*g - 53527101. Calculate m(-6).
3
Let d(m) = -m**3 - 3*m**2 - 740*m - 9100. Calculate d(-11).
8
Let k(x) = -1594996*x - 6379980. Calculate k(-4).
4
Let t(w) = -2*w**2 + 4715*w + 295065. What is t(-61)?
8
Let y(n) = 812*n**2 - 179580*n + 28299. Calculate y(221).
11
Let f(g) = 5*g**2 + 121*g - 359. What is f(-22)?
-601
Let v(i) = -1501*i**3 + 141*i**2 - 136*i - 4. Determine v(1).
-1500
Let l(a) = -18917*a + 264819. Give l(14).
-19
Let c(k) = 3*k**3 - 47*k**2 + 89*k - 1816. Give c(16).
-136
Let c(q) = -q**3 + 1602*q**2 + 29032*q + 207359. Calculate c(1620).
-1
Let j(t) = -t**2 - 113*t + 2123. What is j(19)?
-385
Let t(o) = 249*o + 43789. Calculate t(-176).
-35
Let d(p) = 259265*p + 2073905. Calculate d(-8).
-215
Let q(i) = -3*i**3 - i**2 - 2341*i - 2340. Determine q(-1).
3
Let m(b) = -27*b**2 - 2749*b + 481. Determine m(-102).
-29
Let d(h) = -74*h**2 - 10052*h + 1611. Calculate d(-136).
-21
Let n(i) = i**2 + 436*i - 14418. Calculate n(31).
59
Let w(z) = -z**2 - 26*z + 49098. Calculate w(209).
-17
Let l(n) = 56987*n + 740859. Determine l(-13).
28
Let x(f) = f**3 - 462*f**2 - 3253*f - 14079. Give x(469).
-9
Let x(c) = -54*c - 918. Give x(-17).
0
Let m(c) = -183*c**2 - 399*c + 36. Calculate m(-3).
-414
Let t(m) = 8*m**2 - 2247*m + 13522. Give t(6).
328
Let x(y) = 85*y**3 + 6*y**2 + 4*y - 2. Determine x(-2).
-666
Let k(i) = i**3 - 291*i**2 - 289*i - 87019. Calculate k(293).
2
Let q(f) = 74452*f**2 - 595622*f + 6. What is q(8)?
-42
Let o(x) = 15123*x - 120975. Calculate o(8).
9
Let j(n) = 125*n + 17286. Give j(-140).
-214
Let j(n) = 149*n - 9543. Calculate j(44).
-2987
Let l(n) = -22*n + 3039. Determine l(82).
1235
Let x(o) = -502*o - 4014. What is x(-3)?
-2508
Let i(k) = 13*k**3 + 739*k**2 + 1047*k + 66177. Give i(-57).
0
Let x(g) = -4*g**3 + 482*g**2 + 2145*g + 13114. What is x(125)?
-11
Let j(s) = -257*s + 38747. Give j(148).
711
Let a(z) = -487216*z + 2436088. Give a(5).
8
Let l(h) = 3*h**3 + 84*h**2 - 90*h + 199. Give l(-29).
286
Let h(v) = -1924*v - 5663. What is h(-3)?
109
Let a(w) = 1267*w - 73498. Determine a(58).
-12
Let z(l) = -l**3 - 3435*l**2 + 16841*l + 1790. Determine z(5).
-5
Let t(o) = 11*o**3 - 56*o**2 + 348*o - 84. What is t(7)?
3381
Let m(i) = 75333*i - 3088589. Give m(41).
64
Let r(k) = -71*k + 7234. What is r(102)?
-8
Let t(l) = 8936*l + 8944. Calculate t(-1).
8
Let h(b) = b**3 - 41*b**2 + 11030*b - 378697. Calculate h(35).
3
Let u(q) = -33*q**3 - 44*q**2 + 129*q + 9. Determine u(3).
-891
Let y(m) = -m**2 - 24*m + 3071. What i